{"id":24,"date":"2022-08-04T12:50:04","date_gmt":"2022-08-04T12:50:04","guid":{"rendered":"http:\/\/hauptschule-heidenoldendorf.de\/?page_id=24"},"modified":"2026-04-19T12:39:03","modified_gmt":"2026-04-19T12:39:03","slug":"sozialpaedagoginnen","status":"publish","type":"page","link":"http:\/\/hauptschule-heidenoldendorf.de\/?page_id=24","title":{"rendered":"Sozialp\u00e4dagoginnen"},"content":{"rendered":"\t\t<div data-elementor-type=\"wp-page\" data-elementor-id=\"24\" class=\"elementor elementor-24\">\n\t\t\t\t\t\t\t\t\t<section class=\"elementor-section elementor-top-section elementor-element elementor-element-51f5612 elementor-section-boxed elementor-section-height-default elementor-section-height-default\" data-id=\"51f5612\" data-element_type=\"section\">\n\t\t\t\t\t\t<div class=\"elementor-container elementor-column-gap-default\">\n\t\t\t\t\t<div class=\"elementor-column elementor-col-100 elementor-top-column elementor-element elementor-element-19f9319\" data-id=\"19f9319\" data-element_type=\"column\">\n\t\t\t<div class=\"elementor-widget-wrap elementor-element-populated\">\n\t\t\t\t\t\t\t\t<div class=\"elementor-element elementor-element-765427c elementor-widget elementor-widget-text-editor\" data-id=\"765427c\" data-element_type=\"widget\" data-widget_type=\"text-editor.default\">\n\t\t\t\t<div class=\"elementor-widget-container\">\n\t\t\t<style>\/*! elementor - v3.6.8 - 27-07-2022 *\/\n.elementor-widget-text-editor.elementor-drop-cap-view-stacked .elementor-drop-cap{background-color:#818a91;color:#fff}.elementor-widget-text-editor.elementor-drop-cap-view-framed .elementor-drop-cap{color:#818a91;border:3px solid;background-color:transparent}.elementor-widget-text-editor:not(.elementor-drop-cap-view-default) .elementor-drop-cap{margin-top:8px}.elementor-widget-text-editor:not(.elementor-drop-cap-view-default) .elementor-drop-cap-letter{width:1em;height:1em}.elementor-widget-text-editor .elementor-drop-cap{float:left;text-align:center;line-height:1;font-size:50px}.elementor-widget-text-editor .elementor-drop-cap-letter{display:inline-block}<\/style>\t\t\t\t<p><strong>Schulsozialp\u00e4dagogik<\/strong><\/p><p>Die Schwerpunkte der Schulsozialp\u00e4dagogik umfassen schulbezogene Hilfen, Anlaufstelle f\u00fcr Sch\u00fclerinnen und Sch\u00fcler bei pers\u00f6nlichen Problemen, Unterst\u00fctzung bei der gewaltfreien Konfliktl\u00f6sung, Beratung von Eltern bei Erziehungsfragen, jahrgangsbezogene Projektangebote, Ausbildung und Begleitung der Streitschlichter und offene Pausenangebote.<\/p><p><strong>Streitschlichter (buddY-Programm)<\/strong><\/p><p>Sch\u00fclerinnen und Sch\u00fcler der Klassen 9, die sich durch besondere soziale F\u00e4higkeiten auszeichnen, haben die M\u00f6glichkeit, sich im Rahmen des Wahlpflichtunterrichts ein Jahr lang zum Streitschlichter ausbilden zu lassen. In Klasse 10 treten die Streitschlichter dann in den aktiven Dienst und helfen dann anderen Sch\u00fclern in typischen Konfliktsituationen eine gute L\u00f6sung f\u00fcr alle Seiten zu finden.<\/p>\t\t\t\t\t\t<\/div>\n\t\t\t\t<\/div>\n\t\t\t\t\t<\/div>\n\t\t<\/div>\n\t\t\t\t\t\t\t<\/div>\n\t\t<\/section>\n\t\t\t\t<section class=\"elementor-section elementor-top-section elementor-element elementor-element-7ed9219 elementor-section-boxed elementor-section-height-default elementor-section-height-default\" data-id=\"7ed9219\" data-element_type=\"section\">\n\t\t\t\t\t\t<div class=\"elementor-container elementor-column-gap-default\">\n\t\t\t\t\t<div class=\"elementor-column elementor-col-33 elementor-top-column elementor-element elementor-element-3cee74a\" data-id=\"3cee74a\" data-element_type=\"column\">\n\t\t\t<div class=\"elementor-widget-wrap elementor-element-populated\">\n\t\t\t\t\t\t\t\t<div class=\"elementor-element elementor-element-07b3f3b elementor-widget elementor-widget-text-editor\" data-id=\"07b3f3b\" data-element_type=\"widget\" data-widget_type=\"text-editor.default\">\n\t\t\t\t<div class=\"elementor-widget-container\">\n\t\t\t\t\t\t\t<p><strong>Frau Budak<\/strong><\/p><p>Schulsozialp\u00e4dagogin<\/p>\t\t\t\t\t\t<\/div>\n\t\t\t\t<\/div>\n\t\t\t\t\t<\/div>\n\t\t<\/div>\n\t\t\t\t<div class=\"elementor-column elementor-col-66 elementor-top-column elementor-element elementor-element-6bb030c\" data-id=\"6bb030c\" data-element_type=\"column\">\n\t\t\t<div class=\"elementor-widget-wrap elementor-element-populated\">\n\t\t\t\t\t\t\t\t<div class=\"elementor-element elementor-element-1b33b51 elementor-widget elementor-widget-text-editor\" data-id=\"1b33b51\" data-element_type=\"widget\" data-widget_type=\"text-editor.default\">\n\t\t\t\t<div class=\"elementor-widget-container\">\n\t\t\t\t\t\t\t<p>Telefon: 05231 &#8211; 96 02 &#8211; 14<br \/>e-Mail: <a href=\"mailto:s.budak@hsh.nrw.schule\">s.budak@hsh.nrw.schule<\/a><\/p>\t\t\t\t\t\t<\/div>\n\t\t\t\t<\/div>\n\t\t\t\t\t<\/div>\n\t\t<\/div>\n\t\t\t\t\t\t\t<\/div>\n\t\t<\/section>\n\t\t\t\t<section class=\"elementor-section elementor-top-section elementor-element elementor-element-290e0b5 elementor-section-boxed elementor-section-height-default elementor-section-height-default\" data-id=\"290e0b5\" data-element_type=\"section\">\n\t\t\t\t\t\t<div class=\"elementor-container elementor-column-gap-default\">\n\t\t\t\t\t<div class=\"elementor-column elementor-col-33 elementor-top-column elementor-element elementor-element-9fdb5cd\" data-id=\"9fdb5cd\" data-element_type=\"column\">\n\t\t\t<div class=\"elementor-widget-wrap elementor-element-populated\">\n\t\t\t\t\t\t\t\t<div class=\"elementor-element elementor-element-0f3cdb2 elementor-widget elementor-widget-text-editor\" data-id=\"0f3cdb2\" data-element_type=\"widget\" data-widget_type=\"text-editor.default\">\n\t\t\t\t<div class=\"elementor-widget-container\">\n\t\t\t\t\t\t\t<p><strong>Frau Harrer<\/strong><\/p><p>Schulsozialp\u00e4dagogin<\/p>\t\t\t\t\t\t<\/div>\n\t\t\t\t<\/div>\n\t\t\t\t\t<\/div>\n\t\t<\/div>\n\t\t\t\t<div class=\"elementor-column elementor-col-66 elementor-top-column elementor-element elementor-element-5d76bb4\" data-id=\"5d76bb4\" data-element_type=\"column\">\n\t\t\t<div class=\"elementor-widget-wrap elementor-element-populated\">\n\t\t\t\t\t\t\t\t<div class=\"elementor-element elementor-element-f499039 elementor-widget elementor-widget-text-editor\" data-id=\"f499039\" data-element_type=\"widget\" data-widget_type=\"text-editor.default\">\n\t\t\t\t<div class=\"elementor-widget-container\">\n\t\t\t\t\t\t\t<p>Telefon: 05231 &#8211; 96 02 &#8211; 18<br \/>Mobil: 0160 &#8211; 96360169<br \/>e-Mail: <a href=\"mailto:m.harrer@detmold.de\">m.harrer@detmold.de<\/a><\/p>\t\t\t\t\t\t<\/div>\n\t\t\t\t<\/div>\n\t\t\t\t\t<\/div>\n\t\t<\/div>\n\t\t\t\t\t\t\t<\/div>\n\t\t<\/section>\n\t\t\t\t\t\t\t<\/div>\n\t\t","protected":false},"excerpt":{"rendered":"<p>Schulsozialp\u00e4dagogik Die Schwerpunkte der Schulsozialp\u00e4dagogik umfassen schulbezogene Hilfen, Anlaufstelle f\u00fcr Sch\u00fclerinnen und Sch\u00fcler bei pers\u00f6nlichen Problemen, Unterst\u00fctzung bei der gewaltfreien Konfliktl\u00f6sung, Beratung von Eltern bei Erziehungsfragen, jahrgangsbezogene Projektangebote, Ausbildung und Begleitung der Streitschlichter und offene Pausenangebote. Streitschlichter (buddY-Programm) Sch\u00fclerinnen und Sch\u00fcler der Klassen 9, die sich durch besondere soziale F\u00e4higkeiten auszeichnen, haben die M\u00f6glichkeit, sich im Rahmen des Wahlpflichtunterrichts ein Jahr lang zum Streitschlichter ausbilden zu lassen. In Klasse 10 treten die Streitschlichter dann in den aktiven Dienst und helfen dann anderen Sch\u00fclern in typischen Konfliktsituationen eine gute L\u00f6sung f\u00fcr alle Seiten zu finden. Frau Budak Schulsozialp\u00e4dagogin Telefon: 05231 &#8211; 96 02 &#8211; 14e-Mail: s.budak@hsh.nrw.schule Frau Harrer Schulsozialp\u00e4dagogin Telefon: 05231 &#8211; 96 02 &#8211; 18Mobil: 0160 &#8211; 96360169e-Mail: m.harrer@detmold.de<\/p>\n","protected":false},"author":1,"featured_media":0,"parent":0,"menu_order":0,"comment_status":"closed","ping_status":"closed","template":"","meta":[],"_links":{"self":[{"href":"http:\/\/hauptschule-heidenoldendorf.de\/index.php?rest_route=\/wp\/v2\/pages\/24"}],"collection":[{"href":"http:\/\/hauptschule-heidenoldendorf.de\/index.php?rest_route=\/wp\/v2\/pages"}],"about":[{"href":"http:\/\/hauptschule-heidenoldendorf.de\/index.php?rest_route=\/wp\/v2\/types\/page"}],"author":[{"embeddable":true,"href":"http:\/\/hauptschule-heidenoldendorf.de\/index.php?rest_route=\/wp\/v2\/users\/1"}],"replies":[{"embeddable":true,"href":"http:\/\/hauptschule-heidenoldendorf.de\/index.php?rest_route=%2Fwp%2Fv2%2Fcomments&post=24"}],"version-history":[{"count":19,"href":"http:\/\/hauptschule-heidenoldendorf.de\/index.php?rest_route=\/wp\/v2\/pages\/24\/revisions"}],"predecessor-version":[{"id":1362,"href":"http:\/\/hauptschule-heidenoldendorf.de\/index.php?rest_route=\/wp\/v2\/pages\/24\/revisions\/1362"}],"wp:attachment":[{"href":"http:\/\/hauptschule-heidenoldendorf.de\/index.php?rest_route=%2Fwp%2Fv2%2Fmedia&parent=24"}],"curies":[{"name":"wp","href":"https:\/\/api.w.org\/{rel}","templated":true}]}}

Sozialpädagoginnen

<div data-elementor-type="wp-page" data-elementor-id="24" class="elementor elementor-24">
									<section class="elementor-section elementor-top-section elementor-element elementor-element-51f5612 elementor-section-boxed elementor-section-height-default elementor-section-height-default" data-id="51f5612" data-element_type="section">
						<div class="elementor-container elementor-column-gap-default">
					<div class="elementor-column elementor-col-100 elementor-top-column elementor-element elementor-element-19f9319" data-id="19f9319" data-element_type="column">
			<div class="elementor-widget-wrap elementor-element-populated">
								<div class="elementor-element elementor-element-765427c elementor-widget elementor-widget-text-editor" data-id="765427c" data-element_type="widget" data-widget_type="text-editor.default">
				<div class="elementor-widget-container">
			<style>/*! elementor - v3.6.8 - 27-07-2022 */
.elementor-widget-text-editor.elementor-drop-cap-view-stacked .elementor-drop-cap{background-color:#818a91;color:#fff}.elementor-widget-text-editor.elementor-drop-cap-view-framed .elementor-drop-cap{color:#818a91;border:3px solid;background-color:transparent}.elementor-widget-text-editor:not(.elementor-drop-cap-view-default) .elementor-drop-cap{margin-top:8px}.elementor-widget-text-editor:not(.elementor-drop-cap-view-default) .elementor-drop-cap-letter{width:1em;height:1em}.elementor-widget-text-editor .elementor-drop-cap{float:left;text-align:center;line-height:1;font-size:50px}.elementor-widget-text-editor .elementor-drop-cap-letter{display:inline-block}</style>				<p><strong>Schulsozialpädagogik</strong></p><p>Die Schwerpunkte der Schulsozialpädagogik umfassen schulbezogene Hilfen, Anlaufstelle für Schülerinnen und Schüler bei persönlichen Problemen, Unterstützung bei der gewaltfreien Konfliktlösung, Beratung von Eltern bei Erziehungsfragen, jahrgangsbezogene Projektangebote, Ausbildung und Begleitung der Streitschlichter und offene Pausenangebote.</p><p><strong>Streitschlichter (buddY-Programm)</strong></p><p>Schülerinnen und Schüler der Klassen 9, die sich durch besondere soziale Fähigkeiten auszeichnen, haben die Möglichkeit, sich im Rahmen des Wahlpflichtunterrichts ein Jahr lang zum Streitschlichter ausbilden zu lassen. In Klasse 10 treten die Streitschlichter dann in den aktiven Dienst und helfen dann anderen Schülern in typischen Konfliktsituationen eine gute Lösung für alle Seiten zu finden.</p>						</div>
				</div>
					</div>
		</div>
							</div>
		</section>
				<section class="elementor-section elementor-top-section elementor-element elementor-element-7ed9219 elementor-section-boxed elementor-section-height-default elementor-section-height-default" data-id="7ed9219" data-element_type="section">
						<div class="elementor-container elementor-column-gap-default">
					<div class="elementor-column elementor-col-33 elementor-top-column elementor-element elementor-element-3cee74a" data-id="3cee74a" data-element_type="column">
			<div class="elementor-widget-wrap elementor-element-populated">
								<div class="elementor-element elementor-element-07b3f3b elementor-widget elementor-widget-text-editor" data-id="07b3f3b" data-element_type="widget" data-widget_type="text-editor.default">
				<div class="elementor-widget-container">
							<p><strong>Frau Budak</strong></p><p>Schulsozialpädagogin</p>						</div>
				</div>
					</div>
		</div>
				<div class="elementor-column elementor-col-66 elementor-top-column elementor-element elementor-element-6bb030c" data-id="6bb030c" data-element_type="column">
			<div class="elementor-widget-wrap elementor-element-populated">
								<div class="elementor-element elementor-element-1b33b51 elementor-widget elementor-widget-text-editor" data-id="1b33b51" data-element_type="widget" data-widget_type="text-editor.default">
				<div class="elementor-widget-container">
							<p>Telefon: 05231 &#8211; 96 02 &#8211; 14<br />e-Mail: <a href="mailto:s.budak@hsh.nrw.schule">s.budak@hsh.nrw.schule</a></p>						</div>
				</div>
					</div>
		</div>
							</div>
		</section>
				<section class="elementor-section elementor-top-section elementor-element elementor-element-290e0b5 elementor-section-boxed elementor-section-height-default elementor-section-height-default" data-id="290e0b5" data-element_type="section">
						<div class="elementor-container elementor-column-gap-default">
					<div class="elementor-column elementor-col-33 elementor-top-column elementor-element elementor-element-9fdb5cd" data-id="9fdb5cd" data-element_type="column">
			<div class="elementor-widget-wrap elementor-element-populated">
								<div class="elementor-element elementor-element-0f3cdb2 elementor-widget elementor-widget-text-editor" data-id="0f3cdb2" data-element_type="widget" data-widget_type="text-editor.default">
				<div class="elementor-widget-container">
							<p><strong>Frau Harrer</strong></p><p>Schulsozialpädagogin</p>						</div>
				</div>
					</div>
		</div>
				<div class="elementor-column elementor-col-66 elementor-top-column elementor-element elementor-element-5d76bb4" data-id="5d76bb4" data-element_type="column">
			<div class="elementor-widget-wrap elementor-element-populated">
								<div class="elementor-element elementor-element-f499039 elementor-widget elementor-widget-text-editor" data-id="f499039" data-element_type="widget" data-widget_type="text-editor.default">
				<div class="elementor-widget-container">
							<p>Telefon: 05231 &#8211; 96 02 &#8211; 18<br />Mobil: 0160 &#8211; 96360169<br />e-Mail: <a href="mailto:m.harrer@detmold.de">m.harrer@detmold.de</a></p>						</div>
				</div>
					</div>
		</div>
							</div>
		</section>
							</div>

<p>Schulsozialpädagogik Die Schwerpunkte der Schulsozialpädagogik umfassen schulbezogene Hilfen, Anlaufstelle für Schülerinnen und Schüler bei persönlichen Problemen, Unterstützung bei der gewaltfreien Konfliktlösung, Beratung von Eltern bei Erziehungsfragen, jahrgangsbezogene Projektangebote, Ausbildung und Begleitung der Streitschlichter und offene Pausenangebote. Streitschlichter (buddY-Programm) Schülerinnen und Schüler der Klassen 9, die sich durch besondere soziale Fähigkeiten auszeichnen, haben die Möglichkeit, sich im Rahmen des Wahlpflichtunterrichts ein Jahr lang zum Streitschlichter ausbilden zu lassen. In Klasse 10 treten die Streitschlichter dann in den aktiven Dienst und helfen dann anderen Schülern in typischen Konfliktsituationen eine gute Lösung für alle Seiten zu finden. Frau Budak Schulsozialpädagogin Telefon: 05231 &#8211; 96 02 &#8211; 14e-Mail: s.budak@hsh.nrw.schule Frau Harrer Schulsozialpädagogin Telefon: 05231 &#8211; 96 02 &#8211; 18Mobil: 0160 &#8211; 96360169e-Mail: m.harrer@detmold.de</p>
