{"id":19,"date":"2022-08-04T12:50:03","date_gmt":"2022-08-04T12:50:03","guid":{"rendered":"http:\/\/hauptschule-heidenoldendorf.de\/?page_id=19"},"modified":"2022-11-17T08:17:05","modified_gmt":"2022-11-17T08:17:05","slug":"ueber-uns","status":"publish","type":"page","link":"http:\/\/hauptschule-heidenoldendorf.de\/?page_id=19","title":{"rendered":"\u00dcber uns"},"content":{"rendered":"\t\t<div data-elementor-type=\"wp-page\" data-elementor-id=\"19\" class=\"elementor elementor-19\">\n\t\t\t\t\t\t\t\t\t<section class=\"elementor-section elementor-top-section elementor-element elementor-element-d65f3dc elementor-section-boxed elementor-section-height-default elementor-section-height-default\" data-id=\"d65f3dc\" data-element_type=\"section\">\n\t\t\t\t\t\t<div class=\"elementor-container elementor-column-gap-default\">\n\t\t\t\t\t<div class=\"elementor-column elementor-col-100 elementor-top-column elementor-element elementor-element-ba55419\" data-id=\"ba55419\" data-element_type=\"column\">\n\t\t\t<div class=\"elementor-widget-wrap elementor-element-populated\">\n\t\t\t\t\t\t\t\t<div class=\"elementor-element elementor-element-82e682b elementor-widget elementor-widget-text-editor\" data-id=\"82e682b\" data-element_type=\"widget\" data-widget_type=\"text-editor.default\">\n\t\t\t\t<div class=\"elementor-widget-container\">\n\t\t\t<style>\/*! elementor - v3.6.8 - 27-07-2022 *\/\n.elementor-widget-text-editor.elementor-drop-cap-view-stacked .elementor-drop-cap{background-color:#818a91;color:#fff}.elementor-widget-text-editor.elementor-drop-cap-view-framed .elementor-drop-cap{color:#818a91;border:3px solid;background-color:transparent}.elementor-widget-text-editor:not(.elementor-drop-cap-view-default) .elementor-drop-cap{margin-top:8px}.elementor-widget-text-editor:not(.elementor-drop-cap-view-default) .elementor-drop-cap-letter{width:1em;height:1em}.elementor-widget-text-editor .elementor-drop-cap{float:left;text-align:center;line-height:1;font-size:50px}.elementor-widget-text-editor .elementor-drop-cap-letter{display:inline-block}<\/style>\t\t\t\t<h5><strong>Einige Fakten \u00fcber unsere Schule<\/strong><\/h5>\t\t\t\t\t\t<\/div>\n\t\t\t\t<\/div>\n\t\t\t\t\t<\/div>\n\t\t<\/div>\n\t\t\t\t\t\t\t<\/div>\n\t\t<\/section>\n\t\t\t\t<section class=\"elementor-section elementor-top-section elementor-element elementor-element-860507a elementor-section-boxed elementor-section-height-default elementor-section-height-default\" data-id=\"860507a\" data-element_type=\"section\">\n\t\t\t\t\t\t<div class=\"elementor-container elementor-column-gap-default\">\n\t\t\t\t\t<div class=\"elementor-column elementor-col-33 elementor-top-column elementor-element elementor-element-c2c2e5a\" data-id=\"c2c2e5a\" data-element_type=\"column\">\n\t\t\t<div class=\"elementor-widget-wrap elementor-element-populated\">\n\t\t\t\t\t\t\t\t<div class=\"elementor-element elementor-element-dc3597c elementor-widget elementor-widget-text-editor\" data-id=\"dc3597c\" data-element_type=\"widget\" data-widget_type=\"text-editor.default\">\n\t\t\t\t<div class=\"elementor-widget-container\">\n\t\t\t\t\t\t\t<p>Betriebsform:<\/p><p>unsere Unterrichtszeiten:<\/p>\t\t\t\t\t\t<\/div>\n\t\t\t\t<\/div>\n\t\t\t\t\t<\/div>\n\t\t<\/div>\n\t\t\t\t<div class=\"elementor-column elementor-col-66 elementor-top-column elementor-element elementor-element-6bd0087\" data-id=\"6bd0087\" data-element_type=\"column\">\n\t\t\t<div class=\"elementor-widget-wrap elementor-element-populated\">\n\t\t\t\t\t\t\t\t<div class=\"elementor-element elementor-element-5a8e139 elementor-widget elementor-widget-text-editor\" data-id=\"5a8e139\" data-element_type=\"widget\" data-widget_type=\"text-editor.default\">\n\t\t\t\t<div class=\"elementor-widget-container\">\n\t\t\t\t\t\t\t<p>gebundener Ganztag<\/p><p>Montag, Mittwoch und Donnerstag<br \/>8:00 Uhr bis 13:20 Uhr &#8211; <em>Mittagspause<\/em> &#8211; 14:05 Uhr bis 14:50 Uhr<\/p><p>Dienstag und Freitag<br \/>8:00 Uhr bis 13:20 Uhr<\/p>\t\t\t\t\t\t<\/div>\n\t\t\t\t<\/div>\n\t\t\t\t\t<\/div>\n\t\t<\/div>\n\t\t\t\t\t\t\t<\/div>\n\t\t<\/section>\n\t\t\t\t<section class=\"elementor-section elementor-top-section elementor-element elementor-element-b50fb21 elementor-section-boxed elementor-section-height-default elementor-section-height-default\" data-id=\"b50fb21\" data-element_type=\"section\">\n\t\t\t\t\t\t<div class=\"elementor-container elementor-column-gap-default\">\n\t\t\t\t\t<div class=\"elementor-column elementor-col-33 elementor-top-column elementor-element elementor-element-a5b01ae\" data-id=\"a5b01ae\" data-element_type=\"column\">\n\t\t\t<div class=\"elementor-widget-wrap elementor-element-populated\">\n\t\t\t\t\t\t\t\t<div class=\"elementor-element elementor-element-ecde714 elementor-widget elementor-widget-text-editor\" data-id=\"ecde714\" data-element_type=\"widget\" data-widget_type=\"text-editor.default\">\n\t\t\t\t<div class=\"elementor-widget-container\">\n\t\t\t\t\t\t\t<p>Zahlen:<\/p>\t\t\t\t\t\t<\/div>\n\t\t\t\t<\/div>\n\t\t\t\t\t<\/div>\n\t\t<\/div>\n\t\t\t\t<div class=\"elementor-column elementor-col-66 elementor-top-column elementor-element elementor-element-9ee3396\" data-id=\"9ee3396\" data-element_type=\"column\">\n\t\t\t<div class=\"elementor-widget-wrap elementor-element-populated\">\n\t\t\t\t\t\t\t\t<div class=\"elementor-element elementor-element-55a1c83 elementor-widget elementor-widget-text-editor\" data-id=\"55a1c83\" data-element_type=\"widget\" data-widget_type=\"text-editor.default\">\n\t\t\t\t<div class=\"elementor-widget-container\">\n\t\t\t\t\t\t\t<p>ca 260 Sch\u00fclerinnen und Sch\u00fcler<br \/>25 Lehrerinnen und Lehrer (z.T. in Teilzeit)<br \/>2 Sozialp\u00e4dagoginnen der Stadt Detmold<br \/>1 Sekret\u00e4rin<br \/>1 Hausmeister<\/p>\t\t\t\t\t\t<\/div>\n\t\t\t\t<\/div>\n\t\t\t\t\t<\/div>\n\t\t<\/div>\n\t\t\t\t\t\t\t<\/div>\n\t\t<\/section>\n\t\t\t\t<section class=\"elementor-section elementor-top-section elementor-element elementor-element-f6d2d76 elementor-section-boxed elementor-section-height-default elementor-section-height-default\" data-id=\"f6d2d76\" data-element_type=\"section\">\n\t\t\t\t\t\t<div class=\"elementor-container elementor-column-gap-default\">\n\t\t\t\t\t<div class=\"elementor-column elementor-col-33 elementor-top-column elementor-element elementor-element-613624b\" data-id=\"613624b\" data-element_type=\"column\">\n\t\t\t<div class=\"elementor-widget-wrap elementor-element-populated\">\n\t\t\t\t\t\t\t\t<div class=\"elementor-element elementor-element-fd0ee4c elementor-widget elementor-widget-text-editor\" data-id=\"fd0ee4c\" data-element_type=\"widget\" data-widget_type=\"text-editor.default\">\n\t\t\t\t<div class=\"elementor-widget-container\">\n\t\t\t\t\t\t\t<p>Klassenstruktur:<\/p>\t\t\t\t\t\t<\/div>\n\t\t\t\t<\/div>\n\t\t\t\t\t<\/div>\n\t\t<\/div>\n\t\t\t\t<div class=\"elementor-column elementor-col-66 elementor-top-column elementor-element elementor-element-32d4f95\" data-id=\"32d4f95\" data-element_type=\"column\">\n\t\t\t<div class=\"elementor-widget-wrap elementor-element-populated\">\n\t\t\t\t\t\t\t\t<div class=\"elementor-element elementor-element-af933d4 elementor-widget elementor-widget-text-editor\" data-id=\"af933d4\" data-element_type=\"widget\" data-widget_type=\"text-editor.default\">\n\t\t\t\t<div class=\"elementor-widget-container\">\n\t\t\t\t\t\t\t<p>Jahrgangsstufe 5: 1 Klasse<br \/>Jahrgangsstufe 6: 1 Klasse<br \/>Jahrgangsstufe 7: 2 Klassen<br \/>Jahrgangsstufe 8: 2 Klassen<br \/>Jahrgangsstufe 9: 2 Klassen + Klasse im Langzeitpraktikum<br \/>Jahrgangsstufe 10: 2 Klassen (Abschl\u00fcsse Typ A und B)<br \/>3 Internationale Vorbereitungsklassen (ehem. Auffangklassen)<\/p>\t\t\t\t\t\t<\/div>\n\t\t\t\t<\/div>\n\t\t\t\t\t<\/div>\n\t\t<\/div>\n\t\t\t\t\t\t\t<\/div>\n\t\t<\/section>\n\t\t\t\t<section class=\"elementor-section elementor-top-section elementor-element elementor-element-593fd04 elementor-section-boxed elementor-section-height-default elementor-section-height-default\" data-id=\"593fd04\" data-element_type=\"section\">\n\t\t\t\t\t\t<div class=\"elementor-container elementor-column-gap-default\">\n\t\t\t\t\t<div class=\"elementor-column elementor-col-33 elementor-top-column elementor-element elementor-element-627b83f\" data-id=\"627b83f\" data-element_type=\"column\">\n\t\t\t<div class=\"elementor-widget-wrap elementor-element-populated\">\n\t\t\t\t\t\t\t\t<div class=\"elementor-element elementor-element-20acd99 elementor-widget elementor-widget-text-editor\" data-id=\"20acd99\" data-element_type=\"widget\" data-widget_type=\"text-editor.default\">\n\t\t\t\t<div class=\"elementor-widget-container\">\n\t\t\t\t\t\t\t<p>M\u00f6gliche Abschl\u00fcsse (\u00a714 Schulg NRW):<\/p>\t\t\t\t\t\t<\/div>\n\t\t\t\t<\/div>\n\t\t\t\t\t<\/div>\n\t\t<\/div>\n\t\t\t\t<div class=\"elementor-column elementor-col-66 elementor-top-column elementor-element elementor-element-be78ebd\" data-id=\"be78ebd\" data-element_type=\"column\">\n\t\t\t<div class=\"elementor-widget-wrap elementor-element-populated\">\n\t\t\t\t\t\t\t\t<div class=\"elementor-element elementor-element-4f5f0f6 elementor-widget elementor-widget-text-editor\" data-id=\"4f5f0f6\" data-element_type=\"widget\" data-widget_type=\"text-editor.default\">\n\t\t\t\t<div class=\"elementor-widget-container\">\n\t\t\t\t\t\t\t<p>Hauptschulabschluss nach Klasse 9<br \/>Hauptschulabschluss nach Klasse 10 (Typ A)<br \/>Mittlerer Schulabschluss &#8211; Fachoberschulreife nach Klasse 10 (Typ B)<br \/>mit der M\u00f6glichkeit der Qualifikation f\u00fcr den Besuch der Einf\u00fchrungsphase der gymnasialen Oberstufe<\/p>\t\t\t\t\t\t<\/div>\n\t\t\t\t<\/div>\n\t\t\t\t\t<\/div>\n\t\t<\/div>\n\t\t\t\t\t\t\t<\/div>\n\t\t<\/section>\n\t\t\t\t<section class=\"elementor-section elementor-top-section elementor-element elementor-element-fbf7aed elementor-section-boxed elementor-section-height-default elementor-section-height-default\" data-id=\"fbf7aed\" data-element_type=\"section\">\n\t\t\t\t\t\t<div class=\"elementor-container elementor-column-gap-default\">\n\t\t\t\t\t<div class=\"elementor-column elementor-col-100 elementor-top-column elementor-element elementor-element-35cdbe1\" data-id=\"35cdbe1\" data-element_type=\"column\">\n\t\t\t<div class=\"elementor-widget-wrap elementor-element-populated\">\n\t\t\t\t\t\t\t\t<section class=\"elementor-section elementor-inner-section elementor-element elementor-element-ccee52b elementor-section-boxed elementor-section-height-default elementor-section-height-default\" data-id=\"ccee52b\" data-element_type=\"section\">\n\t\t\t\t\t\t<div class=\"elementor-container elementor-column-gap-default\">\n\t\t\t\t\t<div class=\"elementor-column elementor-col-50 elementor-inner-column elementor-element elementor-element-a73cb25\" data-id=\"a73cb25\" data-element_type=\"column\">\n\t\t\t<div class=\"elementor-widget-wrap elementor-element-populated\">\n\t\t\t\t\t\t\t\t<div class=\"elementor-element elementor-element-8d7a866 elementor-widget elementor-widget-image\" data-id=\"8d7a866\" data-element_type=\"widget\" data-widget_type=\"image.default\">\n\t\t\t\t<div class=\"elementor-widget-container\">\n\t\t\t<style>\/*! elementor - v3.6.8 - 27-07-2022 *\/\n.elementor-widget-image{text-align:center}.elementor-widget-image a{display:inline-block}.elementor-widget-image a img[src$=\".svg\"]{width:48px}.elementor-widget-image img{vertical-align:middle;display:inline-block}<\/style>\t\t\t\t\t\t\t\t\t\t\t\t<img width=\"960\" height=\"720\" src=\"http:\/\/hauptschule-heidenoldendorf.de\/wp-content\/uploads\/2022\/08\/IMG-20210131-WA0018-1024x768.jpg\" class=\"attachment-large size-large\" alt=\"\" loading=\"lazy\" srcset=\"http:\/\/hauptschule-heidenoldendorf.de\/wp-content\/uploads\/2022\/08\/IMG-20210131-WA0018-1024x768.jpg 1024w, http:\/\/hauptschule-heidenoldendorf.de\/wp-content\/uploads\/2022\/08\/IMG-20210131-WA0018-300x225.jpg 300w, http:\/\/hauptschule-heidenoldendorf.de\/wp-content\/uploads\/2022\/08\/IMG-20210131-WA0018-768x576.jpg 768w, http:\/\/hauptschule-heidenoldendorf.de\/wp-content\/uploads\/2022\/08\/IMG-20210131-WA0018-1536x1152.jpg 1536w, http:\/\/hauptschule-heidenoldendorf.de\/wp-content\/uploads\/2022\/08\/IMG-20210131-WA0018-1140x855.jpg 1140w, http:\/\/hauptschule-heidenoldendorf.de\/wp-content\/uploads\/2022\/08\/IMG-20210131-WA0018.jpg 1600w\" sizes=\"(max-width: 960px) 100vw, 960px\" \/>\t\t\t\t\t\t\t\t\t\t\t\t\t\t\t<\/div>\n\t\t\t\t<\/div>\n\t\t\t\t\t<\/div>\n\t\t<\/div>\n\t\t\t\t<div class=\"elementor-column elementor-col-50 elementor-inner-column elementor-element elementor-element-ae73478\" data-id=\"ae73478\" data-element_type=\"column\">\n\t\t\t<div class=\"elementor-widget-wrap elementor-element-populated\">\n\t\t\t\t\t\t\t\t<div class=\"elementor-element elementor-element-7db929d elementor-widget elementor-widget-text-editor\" data-id=\"7db929d\" data-element_type=\"widget\" data-widget_type=\"text-editor.default\">\n\t\t\t\t<div class=\"elementor-widget-container\">\n\t\t\t\t\t\t\t<p>An unserer Schule lernen Sch\u00fclerinnen und Sch\u00fcler aus ganz unterschiedlichen sozialen und kulturellen Umfeldern. Durch den gebundenen Ganztag verbringen sie viel gemeinsame Lern- und Erlebniszeit, die allen hilft, gute und vergleichbare Voraussetzungen f\u00fcr eine erfolgreiche Schullaufbahn zu bekommen.<br \/>Einer der gr\u00f6\u00dften Vorteile unserer Schule gegen\u00fcber anderen Schulformen ist, dass wir ein kleines System sind. Wir kennen unsere Sch\u00fclerinnen und Sch\u00fcler pers\u00f6nlich und nehmen uns Zeit f\u00fcr sie.<br \/>Dies wird auch durch die Ergebnisse der Qualit\u00e4tsanalyse gest\u00fctzt, die vom Land NRW an unserer Schule durchgef\u00fchrt wurde. Der Punkt &#8222;Zufriedenheit aller an der Schule arbeitenden, lehrenden und lernenden Personen&#8220; wurde besonders positiv hervorgehoben.<\/p>\t\t\t\t\t\t<\/div>\n\t\t\t\t<\/div>\n\t\t\t\t\t<\/div>\n\t\t<\/div>\n\t\t\t\t\t\t\t<\/div>\n\t\t<\/section>\n\t\t\t\t<div class=\"elementor-element elementor-element-4490961 elementor-widget elementor-widget-text-editor\" data-id=\"4490961\" data-element_type=\"widget\" data-widget_type=\"text-editor.default\">\n\t\t\t\t<div class=\"elementor-widget-container\">\n\t\t\t\t\t\t\t<p><strong>Gebundener Ganztag<\/strong><\/p><p>Im Rahmen des gebundenen Ganztags bietet unsere Schule auch au\u00dferhalb des eigentlichen Unterrichts verschiedene M\u00f6glichkeiten der Mitgestaltung und F\u00f6rderung f\u00fcr die Sch\u00fclerInnen.<br \/>In jedem Schuljahr werden verschiedene Arbeitsgemeinschaften angeboten. Diese umfassen verschiedene sportliche, kreative oder interaktive Inhalte. So findet jeder ein f\u00fcr sich passendes Angebot.<br \/>Zur individuellen F\u00f6rderung finden regelm\u00e4\u00dfige Lernst\u00fctzpunkte oder F\u00f6rderangebote statt.<br \/>Um die Mittagspausen aktiver zu gestalten haben die Sch\u00fclerInnen die M\u00f6glichkeit an verschiedenen Sportangeboten teilzunehmen, oder in der schuleigenen B\u00fccherei zu lesen. Im Sch\u00fclertreff k\u00f6nnen Spiele ausgeliehen und gespielt werden.<\/p><p><strong>Schulsanit\u00e4ter<\/strong><\/p><p>Seit dem Schuljahr 2019\/20 bauen wir an der Hauptschule Heidenoldendorf einen Schulsanit\u00e4tsdienst auf. Sch\u00fclerinnen und Sch\u00fcler der Klassen 9, k\u00f6nnen sich im Wahlpflichtbereich zu Ersthelfern ausbilden lassen, bekommen die M\u00f6glichkeit am Ende des Schuljahres einen Erste Hilfe Kurs zu absolvieren um dann im 10 Schuljahr am Schulsanit\u00e4tsdienst teilzunehmen.<br \/>Auch in den unteren Jahrg\u00e4ngen werden die Sch\u00fclerinnen und Sch\u00fcler etwa durch Projekttage oder durch eine AG an die Erste Hilfe herangef\u00fchrt.<\/p><p><strong>Internationale Vorbereitungsklassen<\/strong><\/p><p>Die HSH hat drei Internationale Vorbereitungsklassen. In diesen Klassen werden Sch\u00fclerinnen und Sch\u00fcler aus vielen verschiedenen L\u00e4ndern unterrichtet. Da das Sprachniveau sehr unterschiedlich ist, sind die Sch\u00fclerinnen und Sch\u00fcler in eine Anf\u00e4nger- und Fortgeschrittenenklassen eingeteilt.<\/p><p><strong>Langzeitpraktikum (BuS- Klasse)<\/strong><\/p><p>F\u00fcr Sch\u00fclerinnen und Sch\u00fcler, die absehbar Schwierigkeiten haben, den Hauptschulabschluss nach Klasse 9 innerhalb der 10 Pflichtschuljahre zu erreichen, bieten wir den \u00dcbergang in die BuS-Klasse an.<br \/>Sie k\u00f6nnen dort eine Anschlussperspektive in enger Zusammenarbeit mit der Agentur f\u00fcr Arbeit und der Netzwerk Lippe gGmbH entwickeln und den Hauptschulabschluss nach Klasse 9 erwerben.<\/p><p>Durch gezielte F\u00f6rderung und Begleitung durch ein kleines Team von Lehrerinnen und Lehrern und einem Wechselspiel aus Unterricht und dem Arbeitseinsatz an ihrer Praktikumsstelle, lernen sie den Alltag der au\u00dferschulischen Arbeitswelt kennen und erhalten die Chance, sich durch gute praktische Leistungen f\u00fcr einen Ausbildungsplatz zu empfehlen.<\/p>\t\t\t\t\t\t<\/div>\n\t\t\t\t<\/div>\n\t\t\t\t\t<\/div>\n\t\t<\/div>\n\t\t\t\t\t\t\t<\/div>\n\t\t<\/section>\n\t\t\t\t\t\t\t<\/div>\n\t\t","protected":false},"excerpt":{"rendered":"<p>Einige Fakten \u00fcber unsere Schule Betriebsform: unsere Unterrichtszeiten: gebundener Ganztag Montag, Mittwoch und Donnerstag8:00 Uhr bis 13:20 Uhr &#8211; Mittagspause &#8211; 14:05 Uhr bis 14:50 Uhr Dienstag und Freitag8:00 Uhr bis 13:20 Uhr Zahlen: ca 260 Sch\u00fclerinnen und Sch\u00fcler25 Lehrerinnen und Lehrer (z.T. in Teilzeit)2 Sozialp\u00e4dagoginnen der Stadt Detmold1 Sekret\u00e4rin1 Hausmeister Klassenstruktur: Jahrgangsstufe 5: 1 KlasseJahrgangsstufe 6: 1 KlasseJahrgangsstufe 7: 2 KlassenJahrgangsstufe 8: 2 KlassenJahrgangsstufe 9: 2 Klassen + Klasse im LangzeitpraktikumJahrgangsstufe 10: 2 Klassen (Abschl\u00fcsse Typ A und B)3 Internationale Vorbereitungsklassen (ehem. Auffangklassen) M\u00f6gliche Abschl\u00fcsse (\u00a714 Schulg NRW): Hauptschulabschluss nach Klasse 9Hauptschulabschluss nach Klasse 10 (Typ A)Mittlerer Schulabschluss &#8211; Fachoberschulreife nach Klasse 10 (Typ B)mit der M\u00f6glichkeit der Qualifikation f\u00fcr den Besuch der Einf\u00fchrungsphase der gymnasialen Oberstufe An unserer Schule lernen Sch\u00fclerinnen und Sch\u00fcler aus ganz unterschiedlichen sozialen und kulturellen Umfeldern. Durch den gebundenen Ganztag verbringen sie viel gemeinsame Lern- und Erlebniszeit, die allen hilft, gute und vergleichbare Voraussetzungen f\u00fcr eine erfolgreiche Schullaufbahn zu bekommen.Einer der gr\u00f6\u00dften Vorteile unserer Schule gegen\u00fcber anderen Schulformen ist, dass wir ein kleines System sind. Wir kennen unsere Sch\u00fclerinnen und Sch\u00fcler pers\u00f6nlich und nehmen uns Zeit f\u00fcr sie.Dies wird auch durch die Ergebnisse der Qualit\u00e4tsanalyse gest\u00fctzt, die vom Land NRW an unserer Schule durchgef\u00fchrt wurde. Der Punkt &#8222;Zufriedenheit aller an der Schule arbeitenden, lehrenden und lernenden Personen&#8220; wurde besonders positiv hervorgehoben. Gebundener Ganztag Im Rahmen des gebundenen Ganztags bietet unsere Schule auch au\u00dferhalb des eigentlichen Unterrichts verschiedene M\u00f6glichkeiten der Mitgestaltung und F\u00f6rderung f\u00fcr die Sch\u00fclerInnen.In jedem Schuljahr werden verschiedene Arbeitsgemeinschaften angeboten. Diese umfassen verschiedene sportliche, kreative oder interaktive Inhalte. So findet jeder ein f\u00fcr sich passendes Angebot.Zur individuellen F\u00f6rderung finden regelm\u00e4\u00dfige Lernst\u00fctzpunkte oder F\u00f6rderangebote statt.Um die Mittagspausen aktiver zu gestalten haben die Sch\u00fclerInnen die M\u00f6glichkeit an verschiedenen Sportangeboten teilzunehmen, oder in der schuleigenen B\u00fccherei zu lesen. Im Sch\u00fclertreff k\u00f6nnen Spiele ausgeliehen und gespielt werden. Schulsanit\u00e4ter Seit dem Schuljahr 2019\/20 bauen wir an der Hauptschule Heidenoldendorf einen Schulsanit\u00e4tsdienst auf. Sch\u00fclerinnen und Sch\u00fcler der Klassen 9, k\u00f6nnen sich im Wahlpflichtbereich zu Ersthelfern ausbilden lassen, bekommen die M\u00f6glichkeit am Ende des Schuljahres einen Erste Hilfe Kurs zu absolvieren um dann im 10 Schuljahr am Schulsanit\u00e4tsdienst teilzunehmen.Auch in den unteren Jahrg\u00e4ngen werden die Sch\u00fclerinnen und Sch\u00fcler etwa durch Projekttage oder durch eine AG an die Erste Hilfe herangef\u00fchrt. Internationale Vorbereitungsklassen Die HSH hat drei Internationale Vorbereitungsklassen. In diesen Klassen werden Sch\u00fclerinnen und Sch\u00fcler aus vielen verschiedenen L\u00e4ndern unterrichtet. Da das Sprachniveau sehr unterschiedlich ist, sind die Sch\u00fclerinnen und Sch\u00fcler in eine Anf\u00e4nger- und Fortgeschrittenenklassen eingeteilt. Langzeitpraktikum (BuS- Klasse) F\u00fcr Sch\u00fclerinnen und Sch\u00fcler, die absehbar Schwierigkeiten haben, den Hauptschulabschluss nach Klasse 9 innerhalb der 10 Pflichtschuljahre zu erreichen, bieten wir den \u00dcbergang in die BuS-Klasse an.Sie k\u00f6nnen dort eine Anschlussperspektive in enger Zusammenarbeit mit der Agentur f\u00fcr Arbeit und der Netzwerk Lippe gGmbH entwickeln und den Hauptschulabschluss nach Klasse 9 erwerben. Durch gezielte F\u00f6rderung und Begleitung durch ein kleines Team von Lehrerinnen und Lehrern und einem Wechselspiel aus Unterricht und dem Arbeitseinsatz an ihrer Praktikumsstelle, lernen sie den Alltag der au\u00dferschulischen Arbeitswelt kennen und erhalten die Chance, sich durch gute praktische Leistungen f\u00fcr einen Ausbildungsplatz zu empfehlen.<\/p>\n","protected":false},"author":1,"featured_media":0,"parent":0,"menu_order":0,"comment_status":"closed","ping_status":"closed","template":"","meta":[],"_links":{"self":[{"href":"http:\/\/hauptschule-heidenoldendorf.de\/index.php?rest_route=\/wp\/v2\/pages\/19"}],"collection":[{"href":"http:\/\/hauptschule-heidenoldendorf.de\/index.php?rest_route=\/wp\/v2\/pages"}],"about":[{"href":"http:\/\/hauptschule-heidenoldendorf.de\/index.php?rest_route=\/wp\/v2\/types\/page"}],"author":[{"embeddable":true,"href":"http:\/\/hauptschule-heidenoldendorf.de\/index.php?rest_route=\/wp\/v2\/users\/1"}],"replies":[{"embeddable":true,"href":"http:\/\/hauptschule-heidenoldendorf.de\/index.php?rest_route=%2Fwp%2Fv2%2Fcomments&post=19"}],"version-history":[{"count":13,"href":"http:\/\/hauptschule-heidenoldendorf.de\/index.php?rest_route=\/wp\/v2\/pages\/19\/revisions"}],"predecessor-version":[{"id":473,"href":"http:\/\/hauptschule-heidenoldendorf.de\/index.php?rest_route=\/wp\/v2\/pages\/19\/revisions\/473"}],"wp:attachment":[{"href":"http:\/\/hauptschule-heidenoldendorf.de\/index.php?rest_route=%2Fwp%2Fv2%2Fmedia&parent=19"}],"curies":[{"name":"wp","href":"https:\/\/api.w.org\/{rel}","templated":true}]}}